{"id":238,"date":"2024-06-13T20:53:00","date_gmt":"2024-06-13T18:53:00","guid":{"rendered":"http:\/\/yohann-multi-services.fr\/?page_id=238"},"modified":"2025-11-09T13:10:50","modified_gmt":"2025-11-09T12:10:50","slug":"menuiserie-2","status":"publish","type":"page","link":"https:\/\/yohann-multi-services.fr\/index.php\/menuiserie-2\/","title":{"rendered":""},"content":{"rendered":"<div class=\"vce-row-container\" data-vce-boxed-width=\"true\"><div class=\"vce-row vce-row--col-gap-30 vce-row-equal-height vce-row-content--top\" id=\"el-332f86cd\" data-vce-do-apply=\"all el-332f86cd\"><div class=\"vce-row-content\" data-vce-element-content=\"true\"><div class=\"vce-col vce-col--md-auto vce-col--xs-1 vce-col--xs-last vce-col--xs-first vce-col--sm-last vce-col--sm-first vce-col--md-first vce-col--lg-first vce-col--xl-first\" id=\"el-39474e1c\"><div class=\"vce-col-inner\" data-vce-do-apply=\"border margin background  el-39474e1c\"><div class=\"vce-col-content\" data-vce-element-content=\"true\" data-vce-do-apply=\"padding el-39474e1c\"><div class=\"vce-text-block\"><div class=\"vce-text-block-wrapper vce\" id=\"el-6c88386f\" data-vce-do-apply=\"all el-6c88386f\"><h2>Petit terrassement avec pelle 1t&nbsp;<\/h2><\/div><\/div><\/div><\/div><\/div><div class=\"vce-col vce-col--md-auto vce-col--xs-1 vce-col--xs-last vce-col--xs-first vce-col--sm-last vce-col--sm-first vce-col--md-last vce-col--lg-last vce-col--xl-last\" id=\"el-7972f09c\"><div class=\"vce-col-inner\" data-vce-do-apply=\"border margin background  el-7972f09c\"><div class=\"vce-col-content\" data-vce-element-content=\"true\" data-vce-do-apply=\"padding el-7972f09c\"><div class=\"vce-row-container\" data-vce-boxed-width=\"true\"><div class=\"vce-row vce-row--col-gap-30 vce-row-equal-height vce-row-content--top\" id=\"el-c1a07f79\" data-vce-do-apply=\"all el-c1a07f79\"><div class=\"vce-row-content\" data-vce-element-content=\"true\"><div class=\"vce-col vce-col--md-auto vce-col--xs-1 vce-col--xs-last vce-col--xs-first vce-col--sm-last vce-col--sm-first vce-col--md-last vce-col--lg-last vce-col--xl-last vce-col--md-first vce-col--lg-first vce-col--xl-first\" id=\"el-3d00232a\"><div class=\"vce-col-inner\" data-vce-do-apply=\"border margin background  el-3d00232a\"><div class=\"vce-col-content\" data-vce-element-content=\"true\" data-vce-do-apply=\"padding el-3d00232a\"><div class=\"vcv-row-control-wrapper\"><\/div><\/div><\/div><\/div><\/div><\/div><\/div><\/div><\/div><\/div><\/div><\/div><\/div><div class=\"vce-row-container\" data-vce-boxed-width=\"true\"><div class=\"vce-row vce-row--col-gap-30 vce-row-equal-height vce-row-content--top\" id=\"el-62d46fde\" data-vce-do-apply=\"all el-62d46fde\"><div class=\"vce-row-content\" data-vce-element-content=\"true\"><div class=\"vce-col vce-col--md-auto vce-col--xs-1 vce-col--xs-last vce-col--xs-first vce-col--sm-last vce-col--sm-first vce-col--md-first vce-col--lg-first vce-col--xl-first\" id=\"el-5538708f\"><div class=\"vce-col-inner\" data-vce-do-apply=\"border margin background  el-5538708f\"><div class=\"vce-col-content\" data-vce-element-content=\"true\" data-vce-do-apply=\"padding el-5538708f\"><div class=\"vce-image-gallery vce-image-gallery--gap-10 vce-image-gallery--columns-3\"><div class=\"vce-image-gallery-wrapper vce\" id=\"el-f6c943d3\" data-vce-do-apply=\"all el-f6c943d3\"><div class=\"vce-image-gallery-list\"><div class=\"vce-image-gallery-item\"><figure class=\"vce-image-gallery-item-inner-wrapper\"><a href=\"https:\/\/yohann-multi-services.fr\/wp-content\/uploads\/2025\/11\/IMG_2816-scaled.jpg\" data-lightbox=\"lightbox-f6c943d3\" class=\"vce-image-gallery-item-inner\"><img decoding=\"async\" class=\"vce-image-gallery-img\" src=\"https:\/\/yohann-multi-services.fr\/wp-content\/uploads\/2025\/11\/IMG_2816-1024x768.jpg\" alt=\"\" title=\"IMG_2816\"><\/a><\/figure><\/div><div class=\"vce-image-gallery-item\"><figure class=\"vce-image-gallery-item-inner-wrapper\"><a href=\"https:\/\/yohann-multi-services.fr\/wp-content\/uploads\/2025\/11\/IMG_2815-scaled.jpg\" data-lightbox=\"lightbox-f6c943d3\" class=\"vce-image-gallery-item-inner\"><img decoding=\"async\" class=\"vce-image-gallery-img\" src=\"https:\/\/yohann-multi-services.fr\/wp-content\/uploads\/2025\/11\/IMG_2815-1024x768.jpg\" alt=\"\" title=\"IMG_2815\"><\/a><\/figure><\/div><\/div><\/div><\/div><\/div><\/div><\/div><div class=\"vce-col vce-col--md-auto vce-col--xs-1 vce-col--xs-last vce-col--xs-first vce-col--sm-last vce-col--sm-first vce-col--md-last vce-col--lg-last vce-col--xl-last\" id=\"el-127f6bd3\"><div class=\"vce-col-inner\" data-vce-do-apply=\"border margin background  el-127f6bd3\"><div class=\"vce-col-content\" data-vce-element-content=\"true\" data-vce-do-apply=\"padding el-127f6bd3\"><div class=\"vce-text-block\"><div class=\"vce-text-block-wrapper vce\" id=\"el-0e5f2681\" data-vce-do-apply=\"all el-0e5f2681\"><h2>D\u00e9caissement<\/h2>\n<p>Pr\u00e9paration du terrain et mise \u00e0 niveau pour pose d'une terrasse en bois sur plot.<\/p><\/div><\/div><\/div><\/div><\/div><\/div><\/div><\/div><div class=\"vce-row-container\" data-vce-boxed-width=\"true\"><div class=\"vce-row vce-row--col-gap-30 vce-row-equal-height vce-row-content--top\" id=\"el-8ba6272d\" data-vce-do-apply=\"all el-8ba6272d\"><div class=\"vce-row-content\" data-vce-element-content=\"true\"><div class=\"vce-col vce-col--md-auto vce-col--xs-1 vce-col--xs-last vce-col--xs-first vce-col--sm-last vce-col--sm-first vce-col--md-last vce-col--lg-last vce-col--xl-last vce-col--md-first vce-col--lg-first vce-col--xl-first\" id=\"el-9415d4fd\"><div class=\"vce-col-inner\" data-vce-do-apply=\"border margin background  el-9415d4fd\"><div class=\"vce-col-content\" data-vce-element-content=\"true\" data-vce-do-apply=\"padding el-9415d4fd\"><div class=\"vce vce-separator-container vce-separator--align-center vce-separator--style-solid\" id=\"el-f2c2a8db\" data-vce-do-apply=\"margin el-f2c2a8db\"><div class=\"vce-separator vce-separator--color-bfc0c1 vce-separator--width-90 vce-separator--thickness-1\" data-vce-do-apply=\"border padding background  el-f2c2a8db\"><\/div><\/div><\/div><\/div><\/div><\/div><\/div><\/div><div class=\"vce-row-container\" data-vce-boxed-width=\"true\"><div class=\"vce-row vce-row--col-gap-30 vce-row-equal-height vce-row-content--top\" id=\"el-a5656e31\" data-vce-do-apply=\"all el-a5656e31\"><div class=\"vce-row-content\" data-vce-element-content=\"true\"><div class=\"vce-col vce-col--md-auto vce-col--xs-1 vce-col--xs-last vce-col--xs-first vce-col--sm-last vce-col--sm-first vce-col--md-first vce-col--lg-first vce-col--xl-first\" id=\"el-a723c0bf\"><div class=\"vce-col-inner\" data-vce-do-apply=\"border margin background  el-a723c0bf\"><div class=\"vce-col-content\" data-vce-element-content=\"true\" data-vce-do-apply=\"padding el-a723c0bf\"><div class=\"vce-image-gallery vce-image-gallery--gap-10 vce-image-gallery--columns-3\"><div class=\"vce-image-gallery-wrapper vce\" id=\"el-10ac9763\" data-vce-do-apply=\"all el-10ac9763\"><div class=\"vce-image-gallery-list\"><div class=\"vce-image-gallery-item\"><figure class=\"vce-image-gallery-item-inner-wrapper\"><a href=\"https:\/\/yohann-multi-services.fr\/wp-content\/uploads\/2024\/06\/IMG_1958-scaled.jpg\" data-lightbox=\"lightbox-10ac9763\" class=\"vce-image-gallery-item-inner\"><img decoding=\"async\" class=\"vce-image-gallery-img\" src=\"https:\/\/yohann-multi-services.fr\/wp-content\/uploads\/2024\/06\/IMG_1958-1024x768.jpg\" alt=\"\" title=\"IMG_1958\"><\/a><\/figure><\/div><div class=\"vce-image-gallery-item\"><figure class=\"vce-image-gallery-item-inner-wrapper\"><a href=\"https:\/\/yohann-multi-services.fr\/wp-content\/uploads\/2024\/06\/IMG_1987-scaled.jpg\" data-lightbox=\"lightbox-10ac9763\" class=\"vce-image-gallery-item-inner\"><img decoding=\"async\" class=\"vce-image-gallery-img\" src=\"https:\/\/yohann-multi-services.fr\/wp-content\/uploads\/2024\/06\/IMG_1987-1024x768.jpg\" alt=\"\" title=\"IMG_1987\"><\/a><\/figure><\/div><\/div><\/div><\/div><\/div><\/div><\/div><div class=\"vce-col vce-col--md-auto vce-col--xs-1 vce-col--xs-last vce-col--xs-first vce-col--sm-last vce-col--sm-first vce-col--md-last vce-col--lg-last vce-col--xl-last\" id=\"el-96a328b2\"><div class=\"vce-col-inner\" data-vce-do-apply=\"border margin background  el-96a328b2\"><div class=\"vce-col-content\" data-vce-element-content=\"true\" data-vce-do-apply=\"padding el-96a328b2\"><div class=\"vce-text-block\"><div class=\"vce-text-block-wrapper vce\" id=\"el-42361099\" data-vce-do-apply=\"all el-42361099\"><h2>Cr\u00e9ation d'un bassin d'agr\u00e9ment<\/h2><p>R\u00e9alisation d'un bassin pour accueillir des poissons rouge et carpe ko\u00ef. Cr\u00e9ation du bassin, pose d'un g\u00e9otextile et mise en place de la b\u00e2che EPDM.<br>Les abords du bassin sont r\u00e9alis\u00e9s par le client.<\/p><\/div><\/div><\/div><\/div><\/div><\/div><\/div><\/div><div class=\"vce-row-container\" data-vce-boxed-width=\"true\"><div class=\"vce-row vce-row--col-gap-30 vce-row-equal-height vce-row-content--top\" id=\"el-b670601b\" data-vce-do-apply=\"all el-b670601b\"><div class=\"vce-row-content\" data-vce-element-content=\"true\"><div class=\"vce-col vce-col--md-auto vce-col--xs-1 vce-col--xs-last vce-col--xs-first vce-col--sm-last vce-col--sm-first vce-col--md-last vce-col--lg-last vce-col--xl-last vce-col--md-first vce-col--lg-first vce-col--xl-first\" id=\"el-8a53dcee\"><div class=\"vce-col-inner\" data-vce-do-apply=\"border margin background  el-8a53dcee\"><div class=\"vce-col-content\" data-vce-element-content=\"true\" data-vce-do-apply=\"padding el-8a53dcee\"><div class=\"vce vce-separator-container vce-separator--align-center vce-separator--style-solid\" id=\"el-460c77da\" data-vce-do-apply=\"margin el-460c77da\"><div class=\"vce-separator vce-separator--color-bfc0c1 vce-separator--width-90 vce-separator--thickness-1\" data-vce-do-apply=\"border padding background  el-460c77da\"><\/div><\/div><\/div><\/div><\/div><\/div><\/div><\/div><div class=\"vce-row-container\" data-vce-boxed-width=\"true\"><div class=\"vce-row vce-row--col-gap-30 vce-row-equal-height vce-row-content--top\" id=\"el-698bf4c9\" data-vce-do-apply=\"all el-698bf4c9\"><div class=\"vce-row-content\" data-vce-element-content=\"true\"><div class=\"vce-col vce-col--md-auto vce-col--xs-1 vce-col--xs-last vce-col--xs-first vce-col--sm-last vce-col--sm-first vce-col--md-first vce-col--lg-first vce-col--xl-first\" id=\"el-8b860a46\"><div class=\"vce-col-inner\" data-vce-do-apply=\"border margin background  el-8b860a46\"><div class=\"vce-col-content\" data-vce-element-content=\"true\" data-vce-do-apply=\"padding el-8b860a46\"><div class=\"vce-text-block\"><div class=\"vce-text-block-wrapper vce\" id=\"el-9e4bceda\" data-vce-do-apply=\"all el-9e4bceda\"><h2>&nbsp;<\/h2><h2>Ouverture de tranch\u00e9es<\/h2><p>Ouverture de tranch\u00e9e pour la pose de r\u00e9seaux (Electrique, eau, t\u00e9l\u00e9phone) pose des fourreaux et fermeture de tranch\u00e9e.<\/p><p>Evacuation eaux de pluie, installation de caniveaux, siphon de cour...<\/p><\/div><\/div><\/div><\/div><\/div><div class=\"vce-col vce-col--md-auto vce-col--xs-1 vce-col--xs-last vce-col--xs-first vce-col--sm-last vce-col--sm-first vce-col--md-last vce-col--lg-last vce-col--xl-last\" id=\"el-b8788131\"><div class=\"vce-col-inner\" data-vce-do-apply=\"border margin background  el-b8788131\"><div class=\"vce-col-content\" data-vce-element-content=\"true\" data-vce-do-apply=\"padding el-b8788131\"><div class=\"vce-single-image-container vce-single-image--align-left\"><div class=\"vce vce-single-image-wrapper\" id=\"el-0ccb3d99\" data-vce-do-apply=\"all el-0ccb3d99\"><figure><div class=\"vce-single-image-figure-inner\" style=\"width: 1024px;\"><div class=\"vce-single-image-inner vce-single-image--absolute\" style=\"width: 100%; padding-bottom: 75%;\"><img fetchpriority=\"high\" decoding=\"async\" class=\"vce-single-image\"  width=\"1024\" height=\"768\" srcset=\"https:\/\/yohann-multi-services.fr\/wp-content\/uploads\/2024\/07\/tranchee-1024x768.jpg 1024w, https:\/\/yohann-multi-services.fr\/wp-content\/uploads\/2025\/11\/tranchee-scaled-320x240.jpg 320w, https:\/\/yohann-multi-services.fr\/wp-content\/uploads\/2025\/11\/tranchee-scaled-480x360.jpg 480w\" src=\"https:\/\/yohann-multi-services.fr\/wp-content\/uploads\/2024\/07\/tranchee-1024x768.jpg\" data-img-src=\"https:\/\/yohann-multi-services.fr\/wp-content\/uploads\/2024\/07\/tranchee-scaled.jpg\" data-attachment-id=\"281\"  alt=\"\" title=\"tranch\u00e9e\" \/><\/div><\/div><figcaption hidden=\"\"><\/figcaption><\/figure><\/div><\/div><\/div><\/div><\/div><\/div><\/div><\/div><div class=\"vce-row-container\" data-vce-boxed-width=\"true\"><div class=\"vce-row vce-row--col-gap-30 vce-row-equal-height vce-row-content--top\" id=\"el-89862488\" data-vce-do-apply=\"all el-89862488\"><div class=\"vce-row-content\" data-vce-element-content=\"true\"><div class=\"vce-col vce-col--md-auto vce-col--xs-1 vce-col--xs-last vce-col--xs-first vce-col--sm-last vce-col--sm-first vce-col--md-last vce-col--lg-last vce-col--xl-last vce-col--md-first vce-col--lg-first vce-col--xl-first\" id=\"el-16f8cf9c\"><div class=\"vce-col-inner\" data-vce-do-apply=\"border margin background  el-16f8cf9c\"><div class=\"vce-col-content\" data-vce-element-content=\"true\" data-vce-do-apply=\"padding el-16f8cf9c\"><div class=\"vce vce-separator-container vce-separator--align-center vce-separator--style-solid\" id=\"el-5f5ac74d\" data-vce-do-apply=\"margin el-5f5ac74d\"><div class=\"vce-separator vce-separator--color-bfc0c1 vce-separator--width-94 vce-separator--thickness-1\" data-vce-do-apply=\"border padding background  el-5f5ac74d\"><\/div><\/div><\/div><\/div><\/div><\/div><\/div><\/div><div class=\"vce-row-container\" data-vce-boxed-width=\"true\"><div class=\"vce-row vce-row--col-gap-30 vce-row-equal-height vce-row-content--top\" id=\"el-276baa25\" data-vce-do-apply=\"all el-276baa25\"><div class=\"vce-row-content\" data-vce-element-content=\"true\"><div class=\"vce-col vce-col--md-auto vce-col--xs-1 vce-col--xs-last vce-col--xs-first vce-col--sm-last vce-col--sm-first vce-col--md-last vce-col--lg-last vce-col--xl-last vce-col--md-first vce-col--lg-first vce-col--xl-first\" id=\"el-9b7bca60\"><div class=\"vce-col-inner\" data-vce-do-apply=\"border margin background  el-9b7bca60\"><div class=\"vce-col-content\" data-vce-element-content=\"true\" data-vce-do-apply=\"padding el-9b7bca60\"><div class=\"vce-simple-image-slider\" style=\"--backgroundPosition: center center; --pointerColor: #fff; --pointerColorHover: #fd9a00;\"><div class=\"vce-simple-image-slider-wrapper vce vce-simple-image-slider-shape--rounded\" id=\"el-2648bedf\" data-vce-do-apply=\"all el-2648bedf\"><div class=\"vce-simple-image-slider-helper vce-simple-image-slider-aspect-ratio--16-9\"><div class=\"vce-simple-image-slider-list\" data-slick-autoplay=\"on\" data-slick-autoplay-delay=\"2000\" data-slick-effect=\"fade\" data-slick-dots=\"on\" data-slick-arrows=\"off\"><div class=\"slick-list\"><div class=\"slick-track\"><div class=\"vce-simple-image-slider-item vc-slick-item\"><div style=\"background-image:url(https:\/\/yohann-multi-services.fr\/wp-content\/uploads\/2024\/06\/IMG_1987-scaled.jpg)\" class=\"vce-simple-image-slider-img vce-simple-image-slider-img--scale\"><img decoding=\"async\" class=\"\" src=\"https:\/\/yohann-multi-services.fr\/wp-content\/uploads\/2024\/06\/IMG_1987-scaled.jpg\" style=\"opacity:0\" alt=\"\"><\/div><\/div><div class=\"vce-simple-image-slider-item vc-slick-item\"><div style=\"background-image:url(https:\/\/yohann-multi-services.fr\/wp-content\/uploads\/2024\/06\/IMG_1958-scaled.jpg)\" class=\"vce-simple-image-slider-img vce-simple-image-slider-img--scale\"><img decoding=\"async\" class=\"\" src=\"https:\/\/yohann-multi-services.fr\/wp-content\/uploads\/2024\/06\/IMG_1958-scaled.jpg\" style=\"opacity:0\" alt=\"\"><\/div><\/div><div class=\"vce-simple-image-slider-item vc-slick-item\"><div style=\"background-image:url(https:\/\/yohann-multi-services.fr\/wp-content\/uploads\/2024\/06\/IMG_1987-1-scaled.jpg)\" class=\"vce-simple-image-slider-img vce-simple-image-slider-img--scale\"><img decoding=\"async\" class=\"\" src=\"https:\/\/yohann-multi-services.fr\/wp-content\/uploads\/2024\/06\/IMG_1987-1-scaled.jpg\" style=\"opacity:0\" alt=\"\"><\/div><\/div><div class=\"vce-simple-image-slider-item vc-slick-item\"><div style=\"background-image:url(https:\/\/yohann-multi-services.fr\/wp-content\/uploads\/2024\/07\/tranchee-scaled.jpg)\" class=\"vce-simple-image-slider-img vce-simple-image-slider-img--scale\"><img decoding=\"async\" class=\"\" src=\"https:\/\/yohann-multi-services.fr\/wp-content\/uploads\/2024\/07\/tranchee-scaled.jpg\" style=\"opacity:0\" alt=\"\"><\/div><\/div><div class=\"vce-simple-image-slider-item vc-slick-item\"><div style=\"background-image:url(https:\/\/yohann-multi-services.fr\/wp-content\/uploads\/2025\/11\/IMG_2815-scaled.jpg)\" class=\"vce-simple-image-slider-img vce-simple-image-slider-img--scale\"><img decoding=\"async\" class=\"\" src=\"https:\/\/yohann-multi-services.fr\/wp-content\/uploads\/2025\/11\/IMG_2815-scaled.jpg\" style=\"opacity:0\" alt=\"\"><\/div><\/div><div class=\"vce-simple-image-slider-item vc-slick-item\"><div style=\"background-image:url(https:\/\/yohann-multi-services.fr\/wp-content\/uploads\/2025\/11\/IMG_2816-scaled.jpg)\" class=\"vce-simple-image-slider-img vce-simple-image-slider-img--scale\"><img decoding=\"async\" class=\"\" src=\"https:\/\/yohann-multi-services.fr\/wp-content\/uploads\/2025\/11\/IMG_2816-scaled.jpg\" style=\"opacity:0\" alt=\"\"><\/div><\/div><\/div><\/div><\/div><div class=\"vce-simple-image-slider-dots\"><\/div><\/div><\/div><\/div><\/div><\/div><\/div><\/div><\/div><\/div><div class=\"vce-row-container\" data-vce-boxed-width=\"true\"><div class=\"vce-row vce-row--col-gap-30 vce-row-equal-height vce-row-content--top\" id=\"el-97f2fa31\" data-vce-do-apply=\"all el-97f2fa31\"><div class=\"vce-content-background-container\"><\/div><div class=\"vce-row-content\" data-vce-element-content=\"true\"><div class=\"vcv-row-control-wrapper\"><\/div><\/div><\/div><\/div><div class=\"vce-row-container\" data-vce-boxed-width=\"true\"><div class=\"vce-row vce-row--col-gap-30 vce-row-equal-height vce-row-content--top\" id=\"el-8b7b23cd\" data-vce-do-apply=\"all el-8b7b23cd\"><div class=\"vce-row-content\" data-vce-element-content=\"true\"><div class=\"vcv-row-control-wrapper\"><\/div><\/div><\/div><\/div>","protected":false},"excerpt":{"rendered":"<p>Petit terrassement avec pelle 1t&nbsp;D\u00e9caissement Pr\u00e9paration du terrain et mise \u00e0 niveau pour pose d&rsquo;une terrasse en bois sur plot.Cr\u00e9ation d&rsquo;un bassin d&rsquo;agr\u00e9mentR\u00e9alisation d&rsquo;un bassin pour accueillir des poissons rouge et carpe ko\u00ef. Cr\u00e9ation du bassin, pose d&rsquo;un g\u00e9otextile et mise en place de la b\u00e2che EPDM.Les abords du bassin sont r\u00e9alis\u00e9s par le client.&nbsp;Ouverture &hellip; <\/p>\n<p class=\"link-more\"><a href=\"https:\/\/yohann-multi-services.fr\/index.php\/menuiserie-2\/\" class=\"more-link\">Lire la suite de<span class=\"screen-reader-text\">\u00ab\u00a0\u00a0\u00bb<\/span><\/a><\/p>\n","protected":false},"author":1,"featured_media":118,"parent":0,"menu_order":0,"comment_status":"closed","ping_status":"closed","template":"","meta":{"footnotes":""},"class_list":["post-238","page","type-page","status-publish","has-post-thumbnail","hentry"],"_links":{"self":[{"href":"https:\/\/yohann-multi-services.fr\/index.php\/wp-json\/wp\/v2\/pages\/238","targetHints":{"allow":["GET"]}}],"collection":[{"href":"https:\/\/yohann-multi-services.fr\/index.php\/wp-json\/wp\/v2\/pages"}],"about":[{"href":"https:\/\/yohann-multi-services.fr\/index.php\/wp-json\/wp\/v2\/types\/page"}],"author":[{"embeddable":true,"href":"https:\/\/yohann-multi-services.fr\/index.php\/wp-json\/wp\/v2\/users\/1"}],"replies":[{"embeddable":true,"href":"https:\/\/yohann-multi-services.fr\/index.php\/wp-json\/wp\/v2\/comments?post=238"}],"version-history":[{"count":8,"href":"https:\/\/yohann-multi-services.fr\/index.php\/wp-json\/wp\/v2\/pages\/238\/revisions"}],"predecessor-version":[{"id":336,"href":"https:\/\/yohann-multi-services.fr\/index.php\/wp-json\/wp\/v2\/pages\/238\/revisions\/336"}],"wp:featuredmedia":[{"embeddable":true,"href":"https:\/\/yohann-multi-services.fr\/index.php\/wp-json\/wp\/v2\/media\/118"}],"wp:attachment":[{"href":"https:\/\/yohann-multi-services.fr\/index.php\/wp-json\/wp\/v2\/media?parent=238"}],"curies":[{"name":"wp","href":"https:\/\/api.w.org\/{rel}","templated":true}]}}